 What are the prime factors of w(p)?
2, 3, 5, 7
Suppose -9 = -732*r + 723*r. What are the prime factors of (2589/(-15))/((-5)/25) - r?
2, 431
List the prime factors of 2*(-2)/(-4) + (76 - -5191).
2, 3, 439
Suppose -3 = -2*y - 9, -290 = -2*c + 2*y. Suppose -3*i - 171 = -0*i. Let z = c + i. What are the prime factors of z?
5, 17
List the prime factors of (189270/675)/((-16)/30)*-26*2.
3, 13, 701
Let s = 0 - -3. Suppose -s - 15 = 6*n. Let b(t) = -4*t**3 - t**2 - 2*t + 1. What are the prime factors of b(n)?
2, 53
Let h = -8751 + 14454. List the prime factors of h.
3, 1901
Suppose -11 = -18*a + 17*a. Let x(u) = u**2 - 11*u + 2. Let q be x(a). Suppose -7*y = q*y - 99. List the prime factors of y.
11
Let s be (-1)/(32/(-54676)) + (-9)/(-24). Suppose w - 669 = -5*a - 213, -4*w + 3*a = -s. List the prime factors of w.
431
Suppose -7333*h + 32992 = -7329*h. List the prime factors of h.
2, 1031
Suppose -2*r = -2*l + 11628, 0 = -5*l + 544*r - 549*r + 29030. List the prime factors of l.
2, 5, 7, 83
Let t(g) = -25*g**3 + 2*g**2 + 27*g + 93. List the prime factors of t(-4).
3, 7, 11
Let o = 3558 - 1983. Suppose c - o = -10*g + 7*g, 2*g + 2*c = 1046. List the prime factors of g.
2, 263
Suppose -2*b + 59 + 279 = -3*k, 0 = -4*b + 5*k + 672. Let m = 566 - b. Suppose 4*j - 53 - m = 0. What are the prime factors of j?
2, 3, 19
Let i be (-44)/(-10) + ((-168)/60)/7. Suppose -2*c + i*m - 5*m + 1090 = 0, -m + 4 = 0. List the prime factors of c.
3, 181
Let k be 2 - 1 - (-2 - -1). Let a(t) = -2*t**3 + 14*t**k - 64 + 11*t + 89 + 3*t**3. What are the prime factors of a(-13)?
3, 17
Let i(d) = 2 - 1 - 2 + 6*d**3 - 2*d. Let y be -13 - (2 + -6) - -11. List the prime factors of i(y).
43
Let v(s) = 8*s - 46. Let f be v(7). List the prime factors of ((-20)/19)/f + (-6046)/(-38).
3, 53
Let m = -214 + 114. Let d = -23 - m. Let b = d + 9. List the prime factors of b.
2, 43
Let o(q) = 5*q**2 + 3*q + 3. Let f be o(-2). Suppose z - a + 1 = -z, z - f = 4*a. List the prime factors of 7*(2 - 3)*z.
3, 7
Let m = 11452 + 3415. What are the prime factors of m?
14867
Let m(z) = -z**3 + 60*z**2 + 454*z - 8. List the prime factors of m(57).
35617
Suppose 0 = 1905*p - 1733*p - 10669848. List the prime factors of p.
2, 3, 7, 211
Suppose -10544 = 16*l - 20*l. Suppose 23*q - l = 1435. What are the prime factors of q?
3, 59
What are the prime factors of (-105688)/(-6) + 56/(-273)*13?
2, 7, 17, 37
Suppose 57*m = 61*m - 68. Suppose 369 = u - l, 13*u = m*u - 2*l - 1486. List the prime factors of u.
2, 11, 17
Let f(g) be the first derivative of g**4/4 + 5*g**3/3 - 4*g**2 + 16*g + 43. List the prime factors of f(3).
2
Let i be ((-3)/(-5))/(15/225). Suppose -84*v + 81*v + i = 0. Suppose -573 = -v*t + 3*s, t - 162 = 5*s + 25. List the prime factors of t.
2, 3
Suppose 578 = m - 3*m. Let o be -4 + (-188 - ((-5)/5 - -2)). Let v = o - m. What are the prime factors of v?
2, 3
Let o(s) = s**3 + 10*s**2 + 10*s + 6. Let l be o(-8). Let b = l - 59. What are the prime factors of (-6)/15 + (-217)/b + -2?
41
Suppose -4*o = -2*v + 7456, -1368 = -4*v - o + 13589. What are the prime factors of v?
2, 3, 7, 89
Suppose -3808*t + 3794*t = -64946. What are the prime factors of t?
4639
Let s be 9/((0 + -1)*10/(-10)). Suppose -8*b = -s*b + 317. What are the prime factors of b?
317
Suppose 5*s = 4*h - 318, 4*h + 75 = -s + h. Let l = s - -683. List the prime factors of l.
617
List the prime factors of 18/(0 + -6) - (-3 + 5199)*-4.
3, 2309
Let n(d) = 2*d**2 - 199*d - 2447. List the prime factors of n(149).
2, 769
What are the prime factors of (14 + 198)/(-1 + (-4473)/(-4459))?
2, 7, 13, 53
List the prime factors of (22 - -101)/((-12)/(-376)).
2, 41, 47
Let x(a) = 8*a**2 + 17*a + 24. Let m be (0 + 1 + 0)/(-1)*11. Let q be x(m). Suppose 53*v - q = 48*v. What are the prime factors of v?
7, 23
Let r be ((-8)/10)/(6/(-45)) + -3. Suppose -7*b = -r*b - f - 1572, -4*b + 2*f + 1572 = 0. List the prime factors of b.
3, 131
Suppose -3*q + 67451 + 184054 = 6*m, 0 = 4*q + m - 335291. List the prime factors of q.
109, 769
Let d be (-2 + 2)/(-4) + -5. Let h(l) = l**3 - 9*l + 2. Let u be h(d). List the prime factors of (u/(-4))/((-9)/(-12)).
2, 13
Let h = 234 + -35. Suppose 9*w - 442 = 287. Let o = h - w. What are the prime factors of o?
2, 59
Let c = -437 + 857. Let k = -156 + c. What are the prime factors of k?
2, 3, 11
Suppose 7*y + 606 = 249. Let a = 122 - y. List the prime factors of a.
173
Let r(s) = 71*s - 96 + 130 + 15*s + 64. What are the prime factors of r(9)?
2, 109
Let p = -915 + 1561. Suppose 3*j + 5*n - 9*n - 967 = 0, -2*j + 3*n = -p. List the prime factors of j.
317
Let h(a) = a - 12. Suppose -2*n - 33 = 4*k + 7, 5*n + 65 = -3*k. Let o be h(n). List the prime factors of (-1448)/o - (-4)/22.
2, 3, 11
Let z(i) = 16*i**3 + i**2 + 2*i - 1. Let u be z(1). Let o(r) = -r**2 - 3*r + 10. Let a be o(-5). Suppose a = u*h - 16*h - 188. What are the prime factors of h?
2, 47
Let n(f) = 522*f**2 + 204*f + 835. What are the prime factors of n(-4)?
11, 761
Suppose v + 820 = -2*p, -5*p - 1637 = -v + 3*v. Let y = v - -1879. List the prime factors of y.
3, 13
Let q be 5/((-2)/((-20)/15) - 1). Suppose 0 = -q*o + 22*o - 1788. What are the prime factors of o?
149
Let w = 135 + -137. What are the prime factors of (-63)/w*184/12?
3, 7, 23
Suppose -58*w + 2*d = -63*w + 10848, -4*d = 4. What are the prime factors of w?
2, 5, 7, 31
Let s be (15/30)/(5/(-3620)). Let q = s + 499. List the prime factors of q.
137
Suppose x + 5*i - 12547 = 0, 8*i + 12574 = x + 4*i. What are the prime factors of x?
2, 11, 571
Let c = 10 + -6. Suppose -3*f - 5*m - 5 = 3, 4 = -c*f - 5*m. Suppose -4*g = -7*d + f*d + 47, 5*d + 5*g - 20 = 0. What are the prime factors of d?
3
Let m(t) = 3*t**3 - 7*t + 6. Let o be m(8). Let h = -709 + o. What are the prime factors of h?
3, 7, 37
Let t = 20963 + 5692. List the prime factors of t.
3, 5, 1777
Let b = -1057 - -2068. Suppose -3*f = -5*i - b, -1765 = -5*f - 4*i - 117. List the prime factors of f.
2, 83
Suppose 14*f - 11242 - 14056 = 0. What are the prime factors of f?
13, 139
Let v(u) = 462*u**2 + 67*u + 6. What are the prime factors of v(-6)?
2, 3, 11, 41
Suppose 0 = 4*g - 24 - 4. Let x be (-1)/5 - ((-462)/30)/g. List the prime factors of (159 - x) + -1 - 5.
151
Let t be (-237)/(-6) - 9/6. Let s = -23 + t. What are the prime factors of (s/(-6))/(2 - 82/40)?
2, 5
Let t(y) = -9*y - y**2 - 4*y + 0*y**2 - 73 + 81. Let u be t(-8). Let o = u + 167. What are the prime factors of o?
5, 43
Let v = -102 + 96. Let q(n) = n**3 + 11*n**2 + 2*n. What are the prime factors of q(v)?
2, 3, 7
Let a = -339 - -64. Let g = a - -715. What are the prime factors of g?
2, 5, 11
Let l(o) be the first derivative of -3*o**4 + 10*o**3/3 + 5*o**2 + 38*o + 56. List the prime factors of l(-4).
2, 463
Suppose -29*d - 1723 - 2076 = 0. Let h = 1228 + d. List the prime factors of h.
1097
Suppose 281 = 4*o - 55. Suppose 3*m + 1295 = 1331. Suppose o = 4*p - m. List the prime factors of p.
2, 3
Let a(z) be the first derivative of -19 - 17/2*z**2 + 1/4*z**4 - 35*z - 5*z**3. What are the prime factors of a(17)?
2, 127
Suppose -4*o + o - 4*u = -13, 4*o = -3*u + 22. What are the prime factors of (-28)/(-147)*-3 - (-2132)/o?
2, 19
Let t(v) = v**3 + 16*v**2. Let z be t(-16). Let p(o) = 4 - o**2 + 2*o**2 + 19*o - 17*o + 4. List the prime factors of p(z).
2
Let y(u) = -884*u - 5785. List the prime factors of y(-29).
3, 13, 509
Let l(k) = -484*k + 1855. What are the prime factors of l(-47)?
3, 59, 139
Let y be 14/63 + 3/(27/232). Suppose -t + 4*r = -87, 0 = -3*t + y*r - 27*r + 222. List the prime factors of t.
3, 5
Let l(j) = -65*j + 160. Let f(k) = k**3 + 28*k**2 - 29*k - 5. Let p be f(-29). List the prime factors of l(p).
5, 97
Suppose d + 3*d = 8. Let v(l) = 5 + 5*l**d + l**2 + l**3 + 50*l - 53*l. List the prime factors of v(-4).
7
Let a be 236*-159*8/24. List the prime factors of -1 + (-5)/(-6) - a/24.
521
Let o = -60389 + 113676. List the prime factors of o.
13, 4099
Let o = 10928 - -19282. What are the prime factors of o?
2, 3, 5, 19, 53
Let o(b) = 254*b**3 - 10*b**2 + 206*b - 1124. What are the prime factors of o(6)?
2, 6827
Let m = 24008 + -16909. What are the prime factors of m?
31, 229
Suppose -f = 5*o - 41800, -7*f = -4*f + 2*o - 125465. What are the prime factors of f?
5